s digit of s(43)?
5
Let s = -1484 - -2120. Suppose 0 = 10*t - 474 - s. What is the units digit of t?
1
Let c(f) = f**3 + 9*f**2 + 6*f + 15. Suppose -84 = -26*k + 40*k. What is the units digit of c(k)?
7
Let n be (-18)/36*2*5. Let z be (-21 - -28)*(1 - n/(-7)). What is the hundreds digit of z/6 + (-437)/(-3)?
1
Let n = -670 + 751. Suppose -n*p = -53*p - 19544. What is the hundreds digit of p?
6
Let h(g) = -g**3 + 11*g**2 - 11*g - 2. Let q be h(8). Let b = q + -100. Suppose 2*i - i - 110 = 4*z, -370 = -4*i + b*z. What is the tens digit of i?
9
Let g = 78 + -68. Suppose 3*q = -g*q + 39. Suppose -4*j + 191 = 5*v, -j - 4 = -q. What is the units digit of v?
9
Suppose 2*y - 12836 = -3*t, 0 = -t - 2*y + 6148 - 1868. What is the tens digit of t?
7
Let g(v) = v**3 + 53*v**2 + 13*v + 119. What is the thousands digit of g(-51)?
4
Let g(i) = -6788*i + 193. What is the hundreds digit of g(-3)?
5
Let v = 219 + -66. Let x = 818 - v. Suppose n - x = -6*n. What is the tens digit of n?
9
Suppose -228*b - 7259907 = -617*b. What is the ten thousands digit of b?
1
Suppose 3337 + 10600 = 7*h. Suppose 259*b - h = 248*b. What is the tens digit of b?
8
Let s be (10 - 2) + -7 + 2. Let a(u) = 200 - 12*u**3 + 13*u**s + u - 2*u**2 + u**2. What is the tens digit of a(0)?
0
Suppose -2*p + 1253 = -3*p + 5*a, -5*p = a + 6239. Let r = p + 2712. What is the tens digit of r?
6
Let g = -30 - -43. Let r = -29 + g. What is the units digit of (-48)/(-10)*(-11 - r)?
4
Let z(i) = 1843*i - 29. What is the thousands digit of z(2)?
3
Suppose 0 = 11*a - 43146 - 40597. What is the thousands digit of a?
7
Suppose v = 10*v + 37*v - 327796. What is the hundreds digit of v?
1
Suppose -94*o + 29*o + 23414 = -42*o. What is the thousands digit of o?
1
What is the units digit of -17 + 32711 + 2/(-6) + (-24)/(-18)?
5
Let r(w) = 13*w - 91. Let v be r(7). Suppose 2*t - 22*t + 180 = v. What is the units digit of t?
9
Let z(j) = -4098*j + 294. What is the tens digit of z(-7)?
8
Let i = 638 - 366. Suppose -b + 626 = 3*j, 2*j - 3*b + i = 704. What is the hundreds digit of j?
2
Suppose 9*o - 8*o - 5*y - 5 = 0, 2*o - 2*y = 18. What is the hundreds digit of 5814/12 - (-15)/o?
4
Let f = 416 + -413. Suppose p - 166 = 2*d + 165, 3*d = f*p - 1005. What is the tens digit of p?
3
Let c(i) = i**2 - 12*i - 34. Let d be ((-4)/10)/(18/1080) - -2. What is the tens digit of c(d)?
1
Let l(k) = -15*k - 78 + 154 - 85. Let a be l(4). What is the tens digit of 1*141*(-23)/a?
4
Let b be ((-80)/60)/(46/(-42) + 1). Suppose 15*s - b*s = 397. What is the tens digit of s?
9
Let m(v) = 1589*v - 125. What is the tens digit of m(5)?
2
Let s(p) be the third derivative of -2*p**4 - 55*p**3/6 - 24*p**2. What is the tens digit of s(-7)?
8
Suppose 2*n + 2*n = -m + 1132, 3*n = 2*m + 838. Let b be 8/32 + n/(-8). What is the units digit of (450/b)/((-1)/7)?
0
Let l(t) = 53*t**2 + 8*t - 27 - 7 - 33*t**2. What is the units digit of l(5)?
6
Let s(t) = -t**3 + 14*t**2 - 32*t - 9. Let v be s(11). Suppose -1263 = -f + 4*m, -v*m = -3*f + 1257 + 2512. What is the thousands digit of f?
1
Suppose v = 3*q - 592 - 601, -3*v = -12. Suppose 3*o - 5*n = q + 320, -o = -n - 241. What is the hundreds digit of o?
2
Suppose 1826 = -6*v + 7376. What is the hundreds digit of (-1 - 6)/(-1) + v?
9
What is the units digit of 16416 - ((-48)/(-12) - 9)?
1
Let d = -14 + 49. Let j be d/14*(2 - -80). Let s = j + -123. What is the units digit of s?
2
Let r(o) = 2*o**2 - 15*o - 1. Let g be r(11). Let w = -40 + 67. Let v = g + w. What is the units digit of v?
3
Let h(w) = 2*w**2 - 26*w + 37. Suppose 4*z + 118 = 5*d + 3*z, 3*d - 5*z - 84 = 0. What is the units digit of h(d)?
7
Let u(q) = -2*q + 12. Suppose 0 = -2*p - 2*g + 10, -6*p = -3*p + 4*g - 15. Let x be u(p). Suppose -4*z = x*z - 846. What is the hundreds digit of z?
1
Let h(q) = 3 - 20*q - 4 + 14*q + 3. Let w be h(-1). What is the tens digit of (w/(32/(-326)))/(2/(-4))?
6
Let k = 108 - 76. Suppose o - k = -7*o. Suppose -56 = o*r - 212. What is the tens digit of r?
3
Suppose 27*o - 600846 = -80934. What is the ten thousands digit of o?
1
Let s(c) be the second derivative of -23*c + 8/3*c**3 + 10*c**2 + 0 + 1/20*c**5 + 7/6*c**4. What is the hundreds digit of s(-12)?
1
Let j(b) = 4*b**2 - 8*b + 7. Let z be j(1). Suppose 0 = -z*k + 4*k + s - 659, 2*s - 654 = -k. What is the tens digit of k?
6
Suppose -46*g - 147 = -43*g. Let k = 372 + g. What is the hundreds digit of k?
3
Let s = 16163 + -7325. What is the thousands digit of s?
8
Suppose 30 = 5*c - 5*z, -2*c = 2*z - 8 - 0. Suppose c*b - 137 = 578. What is the tens digit of b?
4
Suppose 876 = s - 4*h, -2*s + h = -2*h - 1732. Suppose -250*d = -255*d + s. What is the hundreds digit of d?
1
Suppose -1107966 = -1748*k + 1634*k. What is the hundreds digit of k?
7
Let d(q) = q**3 + 13*q**2 + 9*q - 13. Let o be d(-12). Let p = -90 - o. Let b = -67 - p. What is the units digit of b?
6
Let m = -23613 - -38214. What is the thousands digit of m?
4
Let t = 1255 - 1861. Let g = t + 1325. What is the units digit of g?
9
Suppose -58*k = 98*k - 4015113 - 1863747. What is the hundreds digit of k?
6
Suppose -4*o - 2*y - 78 = -92, 5*y = -3*o + 14. Suppose o*m - 3337 + 1567 = 0. What is the hundreds digit of m?
5
What is the tens digit of (0 - -9 - 2) + 14949?
5
Suppose -9*f + 17233 + 3083 = -27123. What is the thousands digit of f?
5
Let s be (2 - 71) + (1 + 1)/2. Let p = s - -48. Let a = p + 130. What is the hundreds digit of a?
1
Let r(w) = 627*w**2 + 73*w + 24. What is the tens digit of r(-4)?
6
Let v(n) = n**2 + 5*n + 5. Let a be v(-5). Suppose 0*w + 934 = a*k + w, -4*w - 191 = -k. Let l = k + -111. What is the tens digit of l?
7
Let g = -23 - -25. Suppose -3*p - 12 = f - g*f, -2*f = -5*p - 21. Suppose -f*x + 16 = x. What is the units digit of x?
4
Suppose -1672 = -2*g + 4*c, -2493 = 47*g - 50*g + c. What is the tens digit of g?
3
Let d(j) = 5*j**3 - 9*j**2 + 5*j + 9. Let n be d(6). Suppose -45*u = -46*u + n. Let c = u + -566. What is the tens digit of c?
2
Suppose -6*j + 311 = -6397. Let h = j + -567. What is the tens digit of h?
5
Suppose -9*q + 23 = 68. What is the units digit of -7 + (25/q - -382)?
0
Let w be (-37)/(-4) - (-1)/(-4). Suppose -4*t + 712 = 5*b - 256, 0 = 2*b - 3*t - 378. Suppose j = w*j - b. What is the units digit of j?
4
Let t be ((-25)/20)/((-2 + 1)/4). Suppose -11 = -4*h + t. Suppose 3*a + h*d = 176, 5*d + 180 + 3 = 4*a. What is the units digit of a?
2
Let m(p) = -p + 27. Let u be m(15). Let s = 0 + u. Suppose 0 = -10*c + s*c - 58. What is the tens digit of c?
2
Let h(o) be the third derivative of -o**5/30 + 17*o**4/24 - 19*o**3/6 - 11*o**2. Let b be h(9). What is the units digit of b/(-3)*576/56?
6
Let f = -562 - -842. Suppose 9*t - 2*t = f. What is the units digit of t?
0
Let c(x) = -2 - x**3 - 9*x**2 - 7 - 7 - 16*x + 12. What is the tens digit of c(-8)?
6
Let z(i) = 17*i + 76. Let f be z(-4). Let w(n) = -13*n + 147. What is the units digit of w(f)?
3
Let i = 76 - 16. Let n = i + -48. Suppose -n*t + 9*t = -294. What is the tens digit of t?
9
Let g(o) = 396*o**2 - 173*o - 154. What is the hundreds digit of g(10)?
7
Suppose -b - 2*a - 21 = 0, b + 0*b - 5*a + 42 = 0. Let n = b + 27. Suppose n = z - 28 - 28. What is the tens digit of z?
5
Suppose -169035 = 11*y - 26*y. What is the ten thousands digit of y?
1
Let j be (-1424)/6*30/(-20). Suppose 4*z + j - 1460 = 0. What is the tens digit of z?
7
Suppose -5*j = -j + 4. Let b be -1 - 5/10*(1 + -3). What is the units digit of (b/(-4 - -6) - 241)*j?
1
Let b(d) = 50*d**2 + d + 3. Let n be (-60)/28 - 4/(-28). Let u be b(n). Let c = u - 88. What is the units digit of c?
3
Let g = -894 - -588. Let d = -110 - g. Suppose d + 100 = 2*s. What is the tens digit of s?
4
Let t be 1/((1/(-5))/(-1)). Let b(y) = 10*y + 42 - 108 + 60. What is the tens digit of b(t)?
4
Let p(w) be the second derivative of -w**5/20 + w**3/2 + 40*w**2 + 2*w. Let z be p(0). Suppose 4*b = z - 28. What is the units digit of b?
3
Let g = 705 + -326. Suppose g = 3*y - 2*y. Let r = y + -160. What is the hundreds digit of r?
2
Suppose 490210 - 2374164 = -163*u. What is the ten thousands digit of u?
1
Let x(y) = 24 - 12 + 6 - 16*y. Let p be x(-9). Let r = 260 - p. What is the tens digit of r?
9
Let x = 323 - 324. What is the thousands digit of 7*x - (-17850)/1